{"id":1967,"date":"2019-04-13T06:21:31","date_gmt":"2019-04-13T06:21:31","guid":{"rendered":"http:\/\/192.168.0.110\/sports\/?page_id=10"},"modified":"2021-01-17T17:24:58","modified_gmt":"2021-01-17T16:24:58","slug":"histoire","status":"publish","type":"page","link":"https:\/\/www.valdeuropefc.com\/?page_id=1967","title":{"rendered":"Histoire"},"content":{"rendered":"<p>[vc_row full_width=&#8221;stretch_row&#8221; equal_height=&#8221;yes&#8221; content_placement=&#8221;middle&#8221; css=&#8221;.vc_custom_1560161656174{padding-top: 100px !important;padding-bottom: 64px !important;background-position: center !important;background-repeat: no-repeat !important;background-size: cover !important;}&#8221; el_class=&#8221;fixture-views&#8221;][vc_column css=&#8221;.vc_custom_1557908472510{padding-top: 0px !important;padding-bottom: 0px !important;}&#8221;][vc_row_inner equal_height=&#8221;yes&#8221; content_placement=&#8221;middle&#8221; css=&#8221;.vc_custom_1560153296232{padding-top: 0px !important;padding-bottom: 0px !important;}&#8221;][vc_column_inner css=&#8221;.vc_custom_1557734622756{padding-left: 40px !important;}&#8221;]\n        <div class=\"rs-heading style2   text-center\">\n        \t<div class=\"title-inner \">\n        \t\t       \t\t\n\t            \n\t            <h2 class=\"title title-upper\" style=\"color: #111111\">Le club d'un territoire<\/h2> <span class=\"lines-bg\"><\/span>\n\t            <div class=\"title-img bottom-img\"><\/div>\n\t        <\/div><\/div>[vc_column_text]<\/p>\n<p style=\"text-align: left;\">Le Val d&#8217;Europe FC est n\u00e9 en 2012 de la fusion du RC Serris et du FC Bailly, deux clubs voisins du nord de la Seine-et-Marne. Il est devenu en moins de 10 ans le club embl\u00e8me d&#8217;un territoire, fort de 950 licenci\u00e9s (#40 au niveau national) et d&#8217;un savoir-faire reconnu tant dans l&#8217;encadrement des jeunes, dans la pertinence de son projet \u00e9ducatif, que dans les performances de ses \u00e9quipes en comp\u00e9tition.<\/p>\n<p style=\"text-align: left;\">Les priorit\u00e9s du VEFC se situent dans la formation de ses jeunes footballeurs et footballeuses, dans l&#8217;\u00e9panouissement de chaque licenci\u00e9 dans sa pratique sportive et ses missions au sein du club, et dans le d\u00e9veloppement de ses comp\u00e9tences et pratiques afin d&#8217;assumer pleinement son r\u00f4le tant au niveau sportif que social.<\/p>\n<p>[\/vc_column_text][vc_separator][vc_empty_space height=&#8221;20px&#8221;][\/vc_column_inner][\/vc_row_inner]\n        <div class=\"rs-heading style2 light   text-center\">\n        \t<div class=\"title-inner \">\n        \t\t       \t\t\n\t            \n\t            <h2 class=\"title \">NOTRE HISTOIRE<\/h2> <span class=\"lines-bg\"><\/span>\n\t            <div class=\"title-img bottom-img\"><\/div>\n\t        <\/div><\/div>[vc_row_inner][vc_column_inner][vc_column_text]Le <strong>RC Serris<\/strong>, cr\u00e9\u00e9 en 1975, est un club de village qui aligne vaillamment <img loading=\"lazy\" decoding=\"async\" class=\"size-medium wp-image-2206 alignright\" src=\"https:\/\/www.valdeuropefc.com\/wp-content\/uploads\/2020\/11\/RC-SERRIS-1976-CDM-1-300x220.jpg\" alt=\"\" width=\"300\" height=\"220\" srcset=\"https:\/\/www.valdeuropefc.com\/wp-content\/uploads\/2020\/11\/RC-SERRIS-1976-CDM-1-300x220.jpg 300w, https:\/\/www.valdeuropefc.com\/wp-content\/uploads\/2020\/11\/RC-SERRIS-1976-CDM-1-1024x751.jpg 1024w, https:\/\/www.valdeuropefc.com\/wp-content\/uploads\/2020\/11\/RC-SERRIS-1976-CDM-1-768x563.jpg 768w, https:\/\/www.valdeuropefc.com\/wp-content\/uploads\/2020\/11\/RC-SERRIS-1976-CDM-1-1536x1127.jpg 1536w, https:\/\/www.valdeuropefc.com\/wp-content\/uploads\/2020\/11\/RC-SERRIS-1976-CDM-1-80x60.jpg 80w, https:\/\/www.valdeuropefc.com\/wp-content\/uploads\/2020\/11\/RC-SERRIS-1976-CDM-1-600x440.jpg 600w, https:\/\/www.valdeuropefc.com\/wp-content\/uploads\/2020\/11\/RC-SERRIS-1976-CDM-1.jpg 1671w\" sizes=\"auto, (max-width: 300px) 100vw, 300px\" \/>quelques \u00e9quipes jeunes et une \u00e9quipe CDM chaque semaine, sur son terrain en herbe au milieu des champs (\u00e0 l\u2019emplacement de l\u2019actuel Lac des Gassets).<\/p>\n<p>En 1992, alors que Disneyland vient d\u2019ouvrir et que la population s\u2019appr\u00eate \u00e0 tripler en 10 ans, le club se structure sous l\u2019impulsion du maire de la commune Denis Gayaudon, et de Serrissiens volontaires. Parmi eux Ren\u00e9 Dambron, ancien joueur au niveau r\u00e9gional, Thierry Gillet ou encore Jeannot et Claire Leguen, tous deux toujours au club aujourd\u2019hui. C\u2019est d\u2019ailleurs Claire qui dessinera \u00e0 main lev\u00e9 le nouveau logo du club sur le mini-bus fra\u00eechement acquis pour transporter les \u00e9quipes du <strong>RC Serris<\/strong>. Le logo, imagin\u00e9 par Ren\u00e9 Dambron, graphiste de profession et d\u00e9sormais coach de l\u2019\u00e9quipe senior, pr\u00e9voit d\u00e9j\u00e0 la une haute repr\u00e9sentation du club \u00e0 l\u2019\u00e9chelle de son territoire.<\/p>\n<p>Malgr\u00e9 ce nouveau moyen de locomotion, on est encore loin du tout confort. Le terrain des Gassets n\u2019offre ni tribune, ni \u00e9clairage. <em>\u00ab\u00a0Il fallait au moins 10 voitures pour \u00e9clairer le terrain \u00e0 la lumi\u00e8re des phares, pour les entra\u00eenements en soir\u00e9e\u00a0!\u00a0On avait aussi un gars qui bossait dans le b\u00e2timent, et qui nous apportait des spots de chantier parfois\u2026\u00bb<\/em> se souvient Ren\u00e9.\u00a0 Jeannot Leguen garde un souvenir \u00e9mu de cette \u00e9poque : <em>\u00ab\u00a0On se levait de bonne heure les jours de match pour tondre la pelouse et tracer les lignes nous-m\u00eames\u00a0\u00bb<\/em>.[\/vc_column_text][\/vc_column_inner][\/vc_row_inner][vc_masonry_media_grid grid_id=&#8221;vc_gid:1610900586893-c325a745dd2080d7c18bbf9cddc804d5-2&#8243; include=&#8221;2209,2207,2263&#8243;][vc_column_text]A la faveur de l\u2019afflux d\u00e9mographique, et d\u2019ententes tacites avec les clubs les clubs voisins, notamment Chalifert, l\u2019\u00e9cole de football s\u2019\u00e9toffe de nouveaux joueurs. On organise des plateaux et des tournois sur le terrain bossel\u00e9 des Gassets, o\u00f9 un vieux pr\u00e9fabriqu\u00e9 sert de vestiaire commun. <em>\u00ab L\u2019ambiance \u00e9tait tr\u00e8s familiale. Et le fait qu\u2019on doive tous mettre la main \u00e0 la p\u00e2te, contribuait \u00e0 cela. On mangeait tous ensemble, c\u2019\u00e9tait tr\u00e8s sympa. \u00bb <\/em>se rem\u00e9morent de concert Ren\u00e9 Dambron et Jean Leguen.<\/p>\n<p>En 1994, le stade de l\u2019Hermi\u00e8re, son rev\u00eatement synth\u00e9tique et ses vestiaires en dur deviennent l\u2019outil qui manquait au club pour franchir un palier. Le club se consolide et ouvre de nouvelles cat\u00e9gories en jeunes et une \u00e9quipe r\u00e9serve. L\u2019\u00e9quipe senior A est r\u00e9guli\u00e8rement promue et remporte chaque ann\u00e9e le Challenge Fair Play. Peu \u00e0 peu, la logistique suit, l\u2019Hermi\u00e8re s\u2019\u00e9quipe d\u2019une laverie, le staff s\u2019\u00e9toffe, et le club va bient\u00f4t se lancer dans une nouvelle aventure\u2026[\/vc_column_text][vc_column_text css=&#8221;.vc_custom_1606323936750{border-top-width: 5px !important;border-bottom-width: 5px !important;padding-top: 10px !important;padding-right: 10px !important;padding-bottom: 10px !important;padding-left: 10px !important;background-color: #ededed !important;}&#8221;]A l\u2019\u00e9t\u00e9 1994, une dizaine de jeunes femmes, anciennes joueuses de Lagny et <img loading=\"lazy\" decoding=\"async\" class=\"size-medium wp-image-2264 alignright\" src=\"https:\/\/www.valdeuropefc.com\/wp-content\/uploads\/2020\/11\/RC-SERRIS-FEMININE-1994-300x204.jpg\" alt=\"\" width=\"300\" height=\"204\" srcset=\"https:\/\/www.valdeuropefc.com\/wp-content\/uploads\/2020\/11\/RC-SERRIS-FEMININE-1994-300x204.jpg 300w, https:\/\/www.valdeuropefc.com\/wp-content\/uploads\/2020\/11\/RC-SERRIS-FEMININE-1994-768x523.jpg 768w, https:\/\/www.valdeuropefc.com\/wp-content\/uploads\/2020\/11\/RC-SERRIS-FEMININE-1994-700x475.jpg 700w, https:\/\/www.valdeuropefc.com\/wp-content\/uploads\/2020\/11\/RC-SERRIS-FEMININE-1994-600x409.jpg 600w, https:\/\/www.valdeuropefc.com\/wp-content\/uploads\/2020\/11\/RC-SERRIS-FEMININE-1994.jpg 960w\" sizes=\"auto, (max-width: 300px) 100vw, 300px\" \/>d\u2019Esbly se pr\u00e9sentent \u00e0 Serris avec \u00e0 la fois l\u2019id\u00e9e et l\u2019envie d\u2019\u00eatre la premi\u00e8re \u00e9quipe f\u00e9minine du <strong>RC Serris<\/strong>. Le bureau directeur voit l\u00e0 l\u2019opportunit\u00e9 de se d\u00e9marquer et confie l\u2019\u00e9quipe \u00e0 Zbigniew Paczka, ancien international polonais install\u00e9 \u00e0 Serris, puis \u00e0 Thierry David, joueur senior\u00a0: <em>\u00ab\u00a0Dans le d\u00e9partement c\u2019\u00e9tait encore assez nouveau, on jouait les clubs du coin, Claye, Meaux, Chelles, qui avaient eux aussi d\u00e9marr\u00e9 une section f\u00e9minine\u00a0\u00bb<\/em>. Deux mont\u00e9es successives en 1998 et 1999 am\u00e8nent le <strong>RC Serris<\/strong> en DHR, et l\u2019\u00e9quipe remporte sa premi\u00e8re coupe du 77N. <em>\u00ab\u00a0On bat le CS Meaux, archi favori, 1-0 gr\u00e2ce \u00e0 une ancienne joueuse meldoise, Elodie Massuard. L\u2019\u00e9t\u00e9 suivant on r\u00e9cup\u00e8re plusieurs joueuses qui vont faire encore am\u00e9liorer le niveau de l\u2019\u00e9quipe.\u00a0\u00bb<\/em>. Apr\u00e8s 5 saisons en DHR, le club atteint le plus haut niveau r\u00e9gional avec la promotion en DH en 2004, niveau que le <strong>RC Serris<\/strong> (puis le Val d&#8217;Europe FC) n\u2019a plus quitt\u00e9 depuis, participant m\u00eame aux barrages d\u2019accession \u00e0 la D2 \u00e0 plusieurs reprises.[\/vc_column_text][vc_column_text]Plusieurs saisons s\u2019\u00e9coulent, et avec l\u2019expansion de la ville et l\u2019effet Coupe du Monde 1998, le club gagne de nouveaux licenci\u00e9s. Des stages et des tournois sont r\u00e9guli\u00e8rement organis\u00e9s, et les joueurs et \u00e9ducateurs sont d\u00e9sormais habill\u00e9s aux couleurs du club. Les jeux de maillots d\u00e9pareill\u00e9s et color\u00e9s laissent place \u00e0 un bleu coll\u00e9gial. G\u00e9rard Viv\u00e8s endosse le r\u00f4le de directeur technique en 1999 et poursuit le travail de ses pr\u00e9d\u00e9cesseurs en \u0153uvrant pour la mont\u00e9e en comp\u00e9tence du staff technique.<\/p>\n<p>En 2001, l\u2019ouverture du centre commercial Val d\u2019Europe permet au club de gagner en visibilit\u00e9, et d\u2019attirer de nouveaux sponsors, d\u00e9sireux de se faire conna\u00eetre dans le secteur. C\u2019est ainsi que les Val d\u2019Europe Troph\u00e9es, tournoi de jeunes cr\u00e9\u00e9 en 2003 avec l\u2019appui de partenaires, attire au stade de l\u2019Hermi\u00e8re de nombreux \u00ab top clubs \u00bb de la r\u00e9gion pour un plateau relev\u00e9. <em>&#8220;C&#8217;\u00e9tait une belle vitrine pour le club et son \u00e9cole de foot. On avait eu Vincent Gu\u00e9rin <\/em>(ancien international et joueur du PSG)<em> comme parrain de la premi\u00e8re \u00e9dition.&#8221;<\/em> se souvient G\u00e9rard Houillet, alors dirigeant, qui prendra peu apr\u00e8s la pr\u00e9sidence du RC Serris.[\/vc_column_text][vc_masonry_media_grid grid_id=&#8221;vc_gid:1610900586982-d11fd4c3e95bd1486404409179966e25-4&#8243; include=&#8221;2266,2267,2270&#8243;][vc_column_text]A quelques kilom\u00e8tres plus \u00e0 l&#8217;est, Bailly-Romainvilliers se dote d\u2019un club \u00e0 l\u2019aube des ann\u00e9es 2000. Les \u00ab Ecureuils de Bailly \u00bb regroupent sous une tunique orange une \u00e9bauche d\u2019\u00e9cole de football, quelques \u00e9quipes jeunes et une \u00e9quipe senior. Rattrap\u00e9e par sa mauvaise gestion, l\u2019association doit se mettre en sommeil.<\/p>\n<p>Elle rena\u00eet sous le nom de <strong>Bailly FC<\/strong> en 2008 \u00e0 l\u2019initiative de Marc Ch\u00eane, d\u00e9cid\u00e9 avec une \u00e9quipe dirigeante de confiance \u00e0 offrir \u00e0 la ville un club s\u00e9rieux et ambitieux. Fort de 200 licenci\u00e9s, d\u2019\u00e9ducateurs b\u00e9n\u00e9voles et investis, et peu \u00e0 peu accompagn\u00e9 par les sponsors et soutenu par la municipalit\u00e9, le <strong>Bailly FC<\/strong> prend des couleurs.<\/p>\n<p><em>&#8220;On voulait absolument offrir \u00e0 Bailly un club digne de ses licenci\u00e9s et de son environnement, et redorer le blason de l&#8217;association qui avait souffert par le pass\u00e9.&#8221;<\/em> affirme Marc Ch\u00eane.<\/p>\n<p>En concluant des ententes avec les clubs de Montry puis Serris pour \u00e9toffer certaines cat\u00e9gories de jeunes, le <strong>Bailly FC<\/strong> commence \u00e0 se faire une place au sein du district de Seine-et-Marne nord. L\u2019\u00e9quipe fanion masculine conna\u00eet trois titres de champions en 4 ans, pour rejoindre l\u2019Excellence district \u00e0 l\u2019issue de la saison 2010\/2011. Au moment de fusionner, le club accueille environ 450 licenci\u00e9s.[\/vc_column_text][vc_masonry_media_grid grid_id=&#8221;vc_gid:1610900587024-ed51335dee0da1a400401219ec0089d9-8&#8243; include=&#8221;2274,2272,2273&#8243;][vc_empty_space height=&#8221;20px&#8221;][vc_separator][vc_empty_space height=&#8221;20px&#8221;][vc_column_text]A partir de 2010, le rapprochement entre les clubs du <strong>RC Serris<\/strong> et du <strong>Bailly FC<\/strong> fait \u00e9merger le projet d\u2019une fusion. La perspective de la cr\u00e9ation d\u2019un club unique, ambitieux, sur un bassin de population en rapide croissance, se concr\u00e9tise lors de la signature au SAN du Val d\u2019Europe de la convention tripartite en 2012.<\/p>\n<p>La mutualisation des licenci\u00e9s, moyens et \u00e9quipements, donne ainsi naissance \u00e0 un poids lourd du football Seine-et-Marnais (800 licenci\u00e9s), avec U15, U17 et U19 et seniors masculins au plus haut niveau d\u00e9partemental, et seniors f\u00e9minines au top niveau r\u00e9gional. Le <strong>Val d\u2019Europe Football Club<\/strong> profite \u00e9galement d\u2019un nombre et d\u2019une qualit\u00e9 d\u2019\u00e9quipements rare, avec 4 terrains dont deux synth\u00e9tiques.<\/p>\n<p>Le club suscite ainsi des int\u00e9r\u00eats inattendus, qui vont le faire changer de dimension. En 2013, Jo\u00ebl Epalle, ancien joueur professionnel et international camerounais, vient terminer sa carri\u00e8re au <strong>VEFC<\/strong>. D\u2019abord simple joueur, Jo\u00ebl prend rapidement les r\u00eanes de l\u2019\u00e9quipe senior. Avec le champion d\u2019Afrique 2002, l\u2019\u00e9quipe senior conna\u00eet 4 mont\u00e9es successives, avant de se stabiliser en R2.<\/p>\n<p>Depuis 2012, le <strong>Val d\u2019Europe FC<\/strong> est en constante progression de ses effectifs, culminant \u00e0 950 licenci\u00e9s en 2019.[\/vc_column_text][vc_masonry_media_grid element_width=&#8221;6&#8243; grid_id=&#8221;vc_gid:1610900587131-ff840d7ee7acc7c766ed93a54bc0e969-2&#8243; include=&#8221;2180,2156&#8243;][\/vc_column][\/vc_row]<\/p>\n","protected":false},"excerpt":{"rendered":"<p>[vc_row full_width=&#8221;stretch_row&#8221; equal_height=&#8221;yes&#8221; content_placement=&#8221;middle&#8221; css=&#8221;.vc_custom_1560161656174{padding-top: 100px !important;padding-bottom: 64px !important;background-position: center !important;background-repeat: no-repeat !important;background-size: cover !important;}&#8221; el_class=&#8221;fixture-views&#8221;][vc_column css=&#8221;.vc_custom_1557908472510{padding-top: 0px !important;padding-bottom: 0px !important;}&#8221;][vc_row_inner equal_height=&#8221;yes&#8221; content_placement=&#8221;middle&#8221; css=&#8221;.vc_custom_1560153296232{padding-top: 0px !important;padding-bottom: 0px !important;}&#8221;][vc_column_inner css=&#8221;.vc_custom_1557734622756{padding-left: 40px !important;}&#8221;][vc_column_text] Le Val d&#8217;Europe FC est n\u00e9 en 2012 de la fusion du RC Serris et du FC Bailly, deux clubs voisins du nord de&#8230;<\/p>\n","protected":false},"author":1,"featured_media":0,"parent":0,"menu_order":0,"comment_status":"closed","ping_status":"closed","template":"","meta":{"footnotes":""},"class_list":["post-1967","page","type-page","status-publish","hentry"],"_links":{"self":[{"href":"https:\/\/www.valdeuropefc.com\/index.php?rest_route=\/wp\/v2\/pages\/1967","targetHints":{"allow":["GET"]}}],"collection":[{"href":"https:\/\/www.valdeuropefc.com\/index.php?rest_route=\/wp\/v2\/pages"}],"about":[{"href":"https:\/\/www.valdeuropefc.com\/index.php?rest_route=\/wp\/v2\/types\/page"}],"author":[{"embeddable":true,"href":"https:\/\/www.valdeuropefc.com\/index.php?rest_route=\/wp\/v2\/users\/1"}],"replies":[{"embeddable":true,"href":"https:\/\/www.valdeuropefc.com\/index.php?rest_route=%2Fwp%2Fv2%2Fcomments&post=1967"}],"version-history":[{"count":14,"href":"https:\/\/www.valdeuropefc.com\/index.php?rest_route=\/wp\/v2\/pages\/1967\/revisions"}],"predecessor-version":[{"id":2350,"href":"https:\/\/www.valdeuropefc.com\/index.php?rest_route=\/wp\/v2\/pages\/1967\/revisions\/2350"}],"wp:attachment":[{"href":"https:\/\/www.valdeuropefc.com\/index.php?rest_route=%2Fwp%2Fv2%2Fmedia&parent=1967"}],"curies":[{"name":"wp","href":"https:\/\/api.w.org\/{rel}","templated":true}]}}