{"id":2420,"date":"2021-03-10T18:47:14","date_gmt":"2021-03-10T17:47:14","guid":{"rendered":"http:\/\/www.valdeuropefc.com\/?page_id=2420"},"modified":"2025-11-04T12:05:23","modified_gmt":"2025-11-04T11:05:23","slug":"academy","status":"publish","type":"page","link":"https:\/\/www.valdeuropefc.com\/?page_id=2420","title":{"rendered":"VEFC Academy"},"content":{"rendered":"<p>[vc_row full_width=&#8221;stretch_row&#8221; equal_height=&#8221;yes&#8221; content_placement=&#8221;middle&#8221; css=&#8221;.vc_custom_1560161656174{padding-top: 100px !important;padding-bottom: 64px !important;background-position: center !important;background-repeat: no-repeat !important;background-size: cover !important;}&#8221; el_class=&#8221;fixture-views&#8221;][vc_column css=&#8221;.vc_custom_1557908472510{padding-top: 0px !important;padding-bottom: 0px !important;}&#8221;][vc_row_inner equal_height=&#8221;yes&#8221; content_placement=&#8221;middle&#8221; css=&#8221;.vc_custom_1560153296232{padding-top: 0px !important;padding-bottom: 0px !important;}&#8221;][vc_column_inner css=&#8221;.vc_custom_1557734622756{padding-left: 40px !important;}&#8221;]\n        <div class=\"rs-heading style2   text-center\">\n        \t<div class=\"title-inner \">\n        \t\t       \t\t\n\t            \n\t            <h2 class=\"title title-upper\" style=\"color: #111111\">Notre centre de performance et de d\u00e9veloppement<\/h2> <span class=\"lines-bg\"><\/span>\n\t            <div class=\"title-img bottom-img\"><\/div>\n\t        <\/div><\/div>[vc_column_text]<\/p>\n<p style=\"text-align: left;\">La VEFC Academy propose \u00e0 ses adh\u00e9rents une possibilit\u00e9 suppl\u00e9mentaire de<img loading=\"lazy\" decoding=\"async\" class=\" wp-image-2423 alignright\" src=\"https:\/\/www.valdeuropefc.com\/wp-content\/uploads\/2021\/03\/VEFC-ACADEMY-LOGO-300x300.png\" alt=\"\" width=\"273\" height=\"273\" srcset=\"https:\/\/www.valdeuropefc.com\/wp-content\/uploads\/2021\/03\/VEFC-ACADEMY-LOGO-300x300.png 300w, https:\/\/www.valdeuropefc.com\/wp-content\/uploads\/2021\/03\/VEFC-ACADEMY-LOGO-150x150.png 150w, https:\/\/www.valdeuropefc.com\/wp-content\/uploads\/2021\/03\/VEFC-ACADEMY-LOGO.png 500w\" sizes=\"auto, (max-width: 273px) 100vw, 273px\" \/> <span class=\"JsGRdQ\">progresser dans tous les aspects de leur jeu : <\/span><span class=\"JsGRdQ\">technique, tactique, physique, mental.<\/span><\/p>\n<p style=\"text-align: left;\">L&#8217;Academy est con\u00e7ue pour les enfants qui \u00e9prouvent le besoin et l&#8217;envie d&#8217;approfondir et solidifier leurs acquis, d&#8217;aller plus loin dans leur apprentissage et leur compr\u00e9hension du football, l&#8217;identification de leurs points forts et faibles, et leur construction en tant que sportif.<\/p>\n<p style=\"text-align: left;\">Le programme de l&#8217;Academy inclut des s\u00e9ances 100% terrain, et des interventions th\u00e9oriques et \u00e9ducatives sur des th\u00e9matiques inh\u00e9rentes au football. Elle propose un accompagnement individualis\u00e9 de chaque adh\u00e9rent. Les joueurs et joueuses seront en outre convi\u00e9s \u00e0 des d\u00e9placements et des rencontres avec des centres de formation professionnels. Enfin, un pack d&#8217;\u00e9quipement ADIDAS complet et exclusif sera distribu\u00e9 \u00e0 chaque inscrit.<\/p>\n<p>[\/vc_column_text][vc_separator][vc_empty_space height=&#8221;20px&#8221;][\/vc_column_inner][\/vc_row_inner]\n        <div class=\"rs-heading style2 light   text-center\">\n        \t<div class=\"title-inner \">\n        \t\t       \t\t\n\t            \n\t            <h2 class=\"title title-upper\">Foire aux questions<\/h2> <span class=\"lines-bg\"><\/span>\n\t            <div class=\"title-img bottom-img\"><\/div>\n\t        <\/div><\/div>\n        <div class=\"rs-heading style3  vc_custom_1762254272858  \">\n        \t<div class=\"title-inner \">\n        \t\t       \t\t\n\t            \n\t            <h2 class=\"title \">Comment se d\u00e9roule l'inscription \u00e0 la VEFC Academy ?<\/h2> <span class=\"lines-bg\"><\/span>\n\t            <div class=\"title-img bottom-img\"><\/div>\n\t        <\/div><div class=\"description\" >Les inscriptions \u00e0 l&#8217;Academy sont ouvertes \u00e0 tous nos licenci\u00e9s de U8 \u00e0 U12, sur d\u00e9tection.\n<p>Apr\u00e8s avoir pass\u00e9 avec succ\u00e8s les s\u00e9lections de l&#8217;Academy, et un \u00e9change sur le profil de votre enfant, vous serez invit\u00e9 \u00e0 valider nos conditions g\u00e9n\u00e9rales et proc\u00e9der au r\u00e8glement de l&#8217;adh\u00e9sion en ligne.<\/p>\n<p>L&#8217;adh\u00e9sion \u00e0 la VEFC Academy pour une saison (d&#8217;octobre \u00e0 juin), co\u00fbte 200\u20ac et est payable en 3 fois par CB.<\/p>\n<p>&nbsp;<\/p><\/div><\/div>\n        <div class=\"rs-heading style3  vc_custom_1664135025407  \">\n        \t<div class=\"title-inner \">\n        \t\t       \t\t\n\t            \n\t            <h2 class=\"title \">Que comprend l'adh\u00e9sion \u00e0 la VEFC Academy ?<\/h2> <span class=\"lines-bg\"><\/span>\n\t            <div class=\"title-img bottom-img\"><\/div>\n\t        <\/div><div class=\"description\" >Votre enfant participera \u00e0 une s\u00e9ance d\u2019entra\u00eenement (1h15) suppl\u00e9mentaire par semaine, soit un total de 36 s\u00e9ances sur la saison.\n<p>Il prendra part \u00e0 une s\u00e9ance bi-mensuelle (4 \u00e0 5 en tout) sur une th\u00e9matique p\u00e9dagogique, technico-tactique ou vid\u00e9o, en salle, avec un intervenant d\u00e9di\u00e9 (pr\u00e9parateur physique, arbitre officiel, analyste vid\u00e9o\u2026).<\/p>\n<p>Il recevra \u00e9galement un pack d\u2019\u00e9quipement exclusif ADIDAS comprenant un maillot, un short, une paire de chaussette, un surv\u00eatement haut et bas, un coupe-vent et un sac \u00e0 dos.<\/p><\/div><\/div>\n        <div class=\"rs-heading style3  vc_custom_1615406246359  \">\n        \t<div class=\"title-inner \">\n        \t\t       \t\t\n\t            \n\t            <h2 class=\"title \">De quelle fa\u00e7on le suivi est-il individualis\u00e9 ?<\/h2> <span class=\"lines-bg\"><\/span>\n\t            <div class=\"title-img bottom-img\"><\/div>\n\t        <\/div><div class=\"description\" >Les effectifs r\u00e9duits permettent un suivi plus personnalis\u00e9 de chaque joueur, une identification plus fine de ses forces et faiblesses, et une meilleure rem\u00e9diation.\n<p>De plus, le club a investi dans un syst\u00e8me de capture vid\u00e9o moderne qui enregistrera les s\u00e9ances, et permettra \u00e0 un analyste d\u00e9di\u00e9 de d\u00e9celer, isoler et d\u00e9briefer avec l&#8217;enfant les axes d&#8217;am\u00e9lioration \u00e0 poursuivre !<\/p><\/div><\/div>\n        <div class=\"rs-heading style3  vc_custom_1762254314786  \">\n        \t<div class=\"title-inner \">\n        \t\t       \t\t\n\t            \n\t            <h2 class=\"title \">Qui encadrera les s\u00e9ances d'entra\u00eenement ?<\/h2> <span class=\"lines-bg\"><\/span>\n\t            <div class=\"title-img bottom-img\"><\/div>\n\t        <\/div><div class=\"description\" >Nos s\u00e9ances terrain seront encadr\u00e9es par des \u00e9ducateurs du club, tous dipl\u00f4m\u00e9s.\n<p>Les s\u00e9ances ont lieu les lundi, mardi ou jeudi de 18h \u00e0 19h15 sur l&#8217;annexe du stade de l&#8217;Hermi\u00e8re.<\/p>\n<p>Les contenus et leur mise en place seront supervis\u00e9s par nos deux cadres techniques.<\/p><\/div><\/div>\n        <div class=\"rs-heading style3  vc_custom_1615397953652  \">\n        \t<div class=\"title-inner \">\n        \t\t       \t\t\n\t            \n\t            <h2 class=\"title \">Mon enfant sera-t-il convi\u00e9 aux rencontres avec les centres de formations professionnels ?<\/h2> <span class=\"lines-bg\"><\/span>\n\t            <div class=\"title-img bottom-img\"><\/div>\n\t        <\/div><div class=\"description\" >L&#8217;Academy propose \u00e0 ses adh\u00e9rents de participer \u00e0 des rencontres dans les centres de formation professionnels environnants.\n<p>Si le nombre de joueurs le n\u00e9cessitait, nos \u00e9ducateurs se r\u00e9serveraient le droit de ne convier que les adh\u00e9rents dont le niveau serait coh\u00e9rent avec ces matches &#8220;prestige&#8221;.<\/p>\n<p>Toute inscription vaut acceptation de cette condition.<\/p><\/div><\/div>[vc_empty_space height=&#8221;20px&#8221;][\/vc_column][\/vc_row]<\/p>\n","protected":false},"excerpt":{"rendered":"<p>[vc_row full_width=&#8221;stretch_row&#8221; equal_height=&#8221;yes&#8221; content_placement=&#8221;middle&#8221; css=&#8221;.vc_custom_1560161656174{padding-top: 100px !important;padding-bottom: 64px !important;background-position: center !important;background-repeat: no-repeat !important;background-size: cover !important;}&#8221; el_class=&#8221;fixture-views&#8221;][vc_column css=&#8221;.vc_custom_1557908472510{padding-top: 0px !important;padding-bottom: 0px !important;}&#8221;][vc_row_inner equal_height=&#8221;yes&#8221; content_placement=&#8221;middle&#8221; css=&#8221;.vc_custom_1560153296232{padding-top: 0px !important;padding-bottom: 0px !important;}&#8221;][vc_column_inner css=&#8221;.vc_custom_1557734622756{padding-left: 40px !important;}&#8221;][vc_column_text] La VEFC Academy propose \u00e0 ses adh\u00e9rents une possibilit\u00e9 suppl\u00e9mentaire de progresser dans tous les aspects de leur jeu : technique, tactique, physique, mental&#8230;.<\/p>\n","protected":false},"author":1,"featured_media":0,"parent":0,"menu_order":0,"comment_status":"closed","ping_status":"closed","template":"","meta":{"footnotes":""},"class_list":["post-2420","page","type-page","status-publish","hentry"],"_links":{"self":[{"href":"https:\/\/www.valdeuropefc.com\/index.php?rest_route=\/wp\/v2\/pages\/2420","targetHints":{"allow":["GET"]}}],"collection":[{"href":"https:\/\/www.valdeuropefc.com\/index.php?rest_route=\/wp\/v2\/pages"}],"about":[{"href":"https:\/\/www.valdeuropefc.com\/index.php?rest_route=\/wp\/v2\/types\/page"}],"author":[{"embeddable":true,"href":"https:\/\/www.valdeuropefc.com\/index.php?rest_route=\/wp\/v2\/users\/1"}],"replies":[{"embeddable":true,"href":"https:\/\/www.valdeuropefc.com\/index.php?rest_route=%2Fwp%2Fv2%2Fcomments&post=2420"}],"version-history":[{"count":45,"href":"https:\/\/www.valdeuropefc.com\/index.php?rest_route=\/wp\/v2\/pages\/2420\/revisions"}],"predecessor-version":[{"id":3084,"href":"https:\/\/www.valdeuropefc.com\/index.php?rest_route=\/wp\/v2\/pages\/2420\/revisions\/3084"}],"wp:attachment":[{"href":"https:\/\/www.valdeuropefc.com\/index.php?rest_route=%2Fwp%2Fv2%2Fmedia&parent=2420"}],"curies":[{"name":"wp","href":"https:\/\/api.w.org\/{rel}","templated":true}]}}

<p>[vc_row full_width=&#8221;stretch_row&#8221; equal_height=&#8221;yes&#8221; content_placement=&#8221;middle&#8221; css=&#8221;.vc_custom_1560161656174{padding-top: 100px !important;padding-bottom: 64px !important;background-position: center !important;background-repeat: no-repeat !important;background-size: cover !important;}&#8221; el_class=&#8221;fixture-views&#8221;][vc_column css=&#8221;.vc_custom_1557908472510{padding-top: 0px !important;padding-bottom: 0px !important;}&#8221;][vc_row_inner equal_height=&#8221;yes&#8221; content_placement=&#8221;middle&#8221; css=&#8221;.vc_custom_1560153296232{padding-top: 0px !important;padding-bottom: 0px !important;}&#8221;][vc_column_inner css=&#8221;.vc_custom_1557734622756{padding-left: 40px !important;}&#8221;]
        <div class="rs-heading style2   text-center">
        	<div class="title-inner ">
        		       		
	            
	            <h2 class="title title-upper" style="color: #111111">Notre centre de performance et de développement</h2> <span class="lines-bg"></span>
	            <div class="title-img bottom-img"></div>
	        </div></div>[vc_column_text]</p>
<p style="text-align: left;">La VEFC Academy propose à ses adhérents une possibilité supplémentaire de<img loading="lazy" decoding="async" class=" wp-image-2423 alignright" src="https://www.valdeuropefc.com/wp-content/uploads/2021/03/VEFC-ACADEMY-LOGO-300x300.png" alt="" width="273" height="273" srcset="https://www.valdeuropefc.com/wp-content/uploads/2021/03/VEFC-ACADEMY-LOGO-300x300.png 300w, https://www.valdeuropefc.com/wp-content/uploads/2021/03/VEFC-ACADEMY-LOGO-150x150.png 150w, https://www.valdeuropefc.com/wp-content/uploads/2021/03/VEFC-ACADEMY-LOGO.png 500w" sizes="auto, (max-width: 273px) 100vw, 273px" /> <span class="JsGRdQ">progresser dans tous les aspects de leur jeu : </span><span class="JsGRdQ">technique, tactique, physique, mental.</span></p>
<p style="text-align: left;">L&#8217;Academy est conçue pour les enfants qui éprouvent le besoin et l&#8217;envie d&#8217;approfondir et solidifier leurs acquis, d&#8217;aller plus loin dans leur apprentissage et leur compréhension du football, l&#8217;identification de leurs points forts et faibles, et leur construction en tant que sportif.</p>
<p style="text-align: left;">Le programme de l&#8217;Academy inclut des séances 100% terrain, et des interventions théoriques et éducatives sur des thématiques inhérentes au football. Elle propose un accompagnement individualisé de chaque adhérent. Les joueurs et joueuses seront en outre conviés à des déplacements et des rencontres avec des centres de formation professionnels. Enfin, un pack d&#8217;équipement ADIDAS complet et exclusif sera distribué à chaque inscrit.</p>
<p>[/vc_column_text][vc_separator][vc_empty_space height=&#8221;20px&#8221;][/vc_column_inner][/vc_row_inner]
        <div class="rs-heading style2 light   text-center">
        	<div class="title-inner ">
        		       		
	            
	            <h2 class="title title-upper">Foire aux questions</h2> <span class="lines-bg"></span>
	            <div class="title-img bottom-img"></div>
	        </div></div>
        <div class="rs-heading style3  vc_custom_1762254272858  ">
        	<div class="title-inner ">
        		       		
	            
	            <h2 class="title ">Comment se déroule l'inscription à la VEFC Academy ?</h2> <span class="lines-bg"></span>
	            <div class="title-img bottom-img"></div>
	        </div><div class="description" >Les inscriptions à l&#8217;Academy sont ouvertes à tous nos licenciés de U8 à U12, sur détection.
<p>Après avoir passé avec succès les sélections de l&#8217;Academy, et un échange sur le profil de votre enfant, vous serez invité à valider nos conditions générales et procéder au règlement de l&#8217;adhésion en ligne.</p>
<p>L&#8217;adhésion à la VEFC Academy pour une saison (d&#8217;octobre à juin), coûte 200€ et est payable en 3 fois par CB.</p>
<p>&nbsp;</p></div></div>
        <div class="rs-heading style3  vc_custom_1664135025407  ">
        	<div class="title-inner ">
        		       		
	            
	            <h2 class="title ">Que comprend l'adhésion à la VEFC Academy ?</h2> <span class="lines-bg"></span>
	            <div class="title-img bottom-img"></div>
	        </div><div class="description" >Votre enfant participera à une séance d’entraînement (1h15) supplémentaire par semaine, soit un total de 36 séances sur la saison.
<p>Il prendra part à une séance bi-mensuelle (4 à 5 en tout) sur une thématique pédagogique, technico-tactique ou vidéo, en salle, avec un intervenant dédié (préparateur physique, arbitre officiel, analyste vidéo…).</p>
<p>Il recevra également un pack d’équipement exclusif ADIDAS comprenant un maillot, un short, une paire de chaussette, un survêtement haut et bas, un coupe-vent et un sac à dos.</p></div></div>
        <div class="rs-heading style3  vc_custom_1615406246359  ">
        	<div class="title-inner ">
        		       		
	            
	            <h2 class="title ">De quelle façon le suivi est-il individualisé ?</h2> <span class="lines-bg"></span>
	            <div class="title-img bottom-img"></div>
	        </div><div class="description" >Les effectifs réduits permettent un suivi plus personnalisé de chaque joueur, une identification plus fine de ses forces et faiblesses, et une meilleure remédiation.
<p>De plus, le club a investi dans un système de capture vidéo moderne qui enregistrera les séances, et permettra à un analyste dédié de déceler, isoler et débriefer avec l&#8217;enfant les axes d&#8217;amélioration à poursuivre !</p></div></div>
        <div class="rs-heading style3  vc_custom_1762254314786  ">
        	<div class="title-inner ">
        		       		
	            
	            <h2 class="title ">Qui encadrera les séances d'entraînement ?</h2> <span class="lines-bg"></span>
	            <div class="title-img bottom-img"></div>
	        </div><div class="description" >Nos séances terrain seront encadrées par des éducateurs du club, tous diplômés.
<p>Les séances ont lieu les lundi, mardi ou jeudi de 18h à 19h15 sur l&#8217;annexe du stade de l&#8217;Hermière.</p>
<p>Les contenus et leur mise en place seront supervisés par nos deux cadres techniques.</p></div></div>
        <div class="rs-heading style3  vc_custom_1615397953652  ">
        	<div class="title-inner ">
        		       		
	            
	            <h2 class="title ">Mon enfant sera-t-il convié aux rencontres avec les centres de formations professionnels ?</h2> <span class="lines-bg"></span>
	            <div class="title-img bottom-img"></div>
	        </div><div class="description" >L&#8217;Academy propose à ses adhérents de participer à des rencontres dans les centres de formation professionnels environnants.
<p>Si le nombre de joueurs le nécessitait, nos éducateurs se réserveraient le droit de ne convier que les adhérents dont le niveau serait cohérent avec ces matches &#8220;prestige&#8221;.</p>
<p>Toute inscription vaut acceptation de cette condition.</p></div></div>[vc_empty_space height=&#8221;20px&#8221;][/vc_column][/vc_row]</p>

<p>[vc_row full_width=&#8221;stretch_row&#8221; equal_height=&#8221;yes&#8221; content_placement=&#8221;middle&#8221; css=&#8221;.vc_custom_1560161656174{padding-top: 100px !important;padding-bottom: 64px !important;background-position: center !important;background-repeat: no-repeat !important;background-size: cover !important;}&#8221; el_class=&#8221;fixture-views&#8221;][vc_column css=&#8221;.vc_custom_1557908472510{padding-top: 0px !important;padding-bottom: 0px !important;}&#8221;][vc_row_inner equal_height=&#8221;yes&#8221; content_placement=&#8221;middle&#8221; css=&#8221;.vc_custom_1560153296232{padding-top: 0px !important;padding-bottom: 0px !important;}&#8221;][vc_column_inner css=&#8221;.vc_custom_1557734622756{padding-left: 40px !important;}&#8221;][vc_column_text] La VEFC Academy propose à ses adhérents une possibilité supplémentaire de progresser dans tous les aspects de leur jeu : technique, tactique, physique, mental&#8230;.</p>
